{"id":86,"date":"2020-01-27T12:30:56","date_gmt":"2020-01-27T12:30:56","guid":{"rendered":"https:\/\/dalahighwayservice.se\/?page_id=86"},"modified":"2020-01-27T13:23:48","modified_gmt":"2020-01-27T13:23:48","slug":"lasoppning-i-mora-idre-alvdalen-sarna","status":"publish","type":"page","link":"https:\/\/dalahighwayservice.se\/index.php\/lasoppning-i-mora-idre-alvdalen-sarna\/","title":{"rendered":"L\u00e5s\u00f6ppning i Mora Idre \u00c4lvdalen S\u00e4rna, Utl\u00e5st ring oss"},"content":{"rendered":"<div class=\"row\"  id=\"row-1886448242\">\n<div class=\"col medium-8 small-12 large-8\"  ><div class=\"col-inner\"  >\n<h1>L\u00e5s\u00f6ppning i Mora Idre \u00c4lvdalen S\u00e4rna<\/h1>\n<p><strong>L\u00e5s\u00f6ppning i Mora Idre \u00c4lvdalen<\/strong>&#8211; Finns\u00a0 nycklarna kvar i bilen? D\u00e5 skickar vi v\u00e5r erfarna personal dom har dom r\u00e4tta verktygen f\u00f6r att snabbt och enkelt hj\u00e4lpa dig tillbaka in i dib bil. Vi hj\u00e4lper till med l\u00e5s\u00f6ppning av de flesta fordon, personbilar, lastbilar, bussar m.m. av b\u00e5de nya och \u00e4ldre modeller. Vi utf\u00f6r l\u00e5s\u00f6ppning i stora delar av Dalarna.<\/p>\n<p>Vi l\u00e5ser upp bilar och andra fordon i<\/p>\n<ul>\n<li>Mora<\/li>\n<li>\u00c4lvdalen<\/li>\n<li>Idre<\/li>\n<li>S\u00e4rna<\/li>\n<li>Gr\u00f6velsj\u00f6n och massa orter i Dalarna med omnejd<\/li>\n<\/ul>\n<\/div><\/div>\n<div class=\"col medium-4 small-12 large-4\"  ><div class=\"col-inner\"  >\n<h3>Dala Highway Service\u00a0AB<\/h3>\r\n<h2>Telefon: 0250 - 140 00<\/h2>\r\n<ul>\r\n \t<li><strong>Dikesk\u00f6rning<\/strong><\/li>\r\n \t<li><a href=\"https:\/\/dalahighwayservice.se\/index.php\/lasoppning-i-mora-idre-alvdalen-sarna\/\"><strong>L\u00e5s\u00f6ppning<\/strong><\/a><\/li>\r\n<\/ul>\r\nHar du l\u00e5st in dina nycklar i bilen? Vi har dem r\u00e4tta verktygen och kunnig personal f\u00f6r att hj\u00e4lpa dig, oavsett om det \u00e4r personbil, lastbil eller buss. Vi finns till f\u00f6r dig dygnet runt \u00e5ret runt.\r\n<ul>\r\n \t<li><a href=\"https:\/\/dalahighwayservice.se\/index.php\/starthjalp-i-mora-alvdalen-idre\/\"><strong>Starthj\u00e4lp<\/strong><\/a><\/li>\r\n<\/ul>\r\nN\u00e4r din bil har slut p\u00e5 str\u00f6m kan det r\u00e4cka med en starthj\u00e4lp f\u00f6r att f\u00e5 ig\u00e5ng den. Vi finns snabbt p\u00e5 plats f\u00f6r att hj\u00e4lpa dig n\u00e4r batteriet laddat ur, och har \u00e4ven tillg\u00e5ng p\u00e5 de vanligaste startbatterierna vid efterfr\u00e5gan. Vi utf\u00f6r starthj\u00e4lp p\u00e5 allt fr\u00e5n motorcyklar till lastbilar och entreprenadfordon.\r\n<ul>\r\n \t<li><strong>Punktering<\/strong><\/li>\r\n<\/ul>\n<\/div><\/div>\n<\/div>\n\n  \n    <div class=\"row large-columns-4 medium-columns- small-columns-2\">\n          <div class=\"gallery-col col\" >\n          <div class=\"col-inner\">\n            <a class=\"image-lightbox lightbox-gallery\" href=\"https:\/\/dalahighwayservice.se\/wp-content\/uploads\/2020\/01\/vinter-bargning-1024x768.jpeg\" title=\"\">            <div class=\"box has-hover gallery-box box-overlay dark\">\n              <div class=\"box-image\" >\n                <img width=\"300\" height=\"225\" src=\"https:\/\/dalahighwayservice.se\/wp-content\/uploads\/2020\/01\/vinter-bargning-300x225.jpeg\" class=\"attachment-medium size-medium\" alt=\"\" loading=\"lazy\" ids=\"101,100,99,33\" srcset=\"https:\/\/dalahighwayservice.se\/wp-content\/uploads\/2020\/01\/vinter-bargning-300x225.jpeg 300w, https:\/\/dalahighwayservice.se\/wp-content\/uploads\/2020\/01\/vinter-bargning-1024x768.jpeg 1024w, https:\/\/dalahighwayservice.se\/wp-content\/uploads\/2020\/01\/vinter-bargning-768x576.jpeg 768w, https:\/\/dalahighwayservice.se\/wp-content\/uploads\/2020\/01\/vinter-bargning-1536x1152.jpeg 1536w, https:\/\/dalahighwayservice.se\/wp-content\/uploads\/2020\/01\/vinter-bargning-600x450.jpeg 600w, https:\/\/dalahighwayservice.se\/wp-content\/uploads\/2020\/01\/vinter-bargning.jpeg 2048w\" sizes=\"(max-width: 300px) 100vw, 300px\" \/>                                  <div class=\"overlay fill\"\n                      style=\"background-color: rgba(0,0,0,.15)\">\n                  <\/div>\n                                                              <\/div><!-- .image -->\n              <div class=\"box-text text-left\" >\n                 <p><\/p>\n              <\/div><!-- .text -->\n            <\/div><!-- .box -->\n            <\/a>          <\/div><!-- .col-inner -->\n         <\/div><!-- .col -->\n                 <div class=\"gallery-col col\" >\n          <div class=\"col-inner\">\n            <a class=\"image-lightbox lightbox-gallery\" href=\"https:\/\/dalahighwayservice.se\/wp-content\/uploads\/2020\/01\/slider2-1024x683.jpg\" title=\"\">            <div class=\"box has-hover gallery-box box-overlay dark\">\n              <div class=\"box-image\" >\n                <img width=\"300\" height=\"200\" src=\"https:\/\/dalahighwayservice.se\/wp-content\/uploads\/2020\/01\/slider2-300x200.jpg\" class=\"attachment-medium size-medium\" alt=\"\" loading=\"lazy\" ids=\"101,100,99,33\" srcset=\"https:\/\/dalahighwayservice.se\/wp-content\/uploads\/2020\/01\/slider2-300x200.jpg 300w, https:\/\/dalahighwayservice.se\/wp-content\/uploads\/2020\/01\/slider2-1024x683.jpg 1024w, https:\/\/dalahighwayservice.se\/wp-content\/uploads\/2020\/01\/slider2-768x512.jpg 768w, https:\/\/dalahighwayservice.se\/wp-content\/uploads\/2020\/01\/slider2-1536x1024.jpg 1536w, https:\/\/dalahighwayservice.se\/wp-content\/uploads\/2020\/01\/slider2-600x400.jpg 600w, https:\/\/dalahighwayservice.se\/wp-content\/uploads\/2020\/01\/slider2.jpg 1600w\" sizes=\"(max-width: 300px) 100vw, 300px\" \/>                                  <div class=\"overlay fill\"\n                      style=\"background-color: rgba(0,0,0,.15)\">\n                  <\/div>\n                                                              <\/div><!-- .image -->\n              <div class=\"box-text text-left\" >\n                 <p><\/p>\n              <\/div><!-- .text -->\n            <\/div><!-- .box -->\n            <\/a>          <\/div><!-- .col-inner -->\n         <\/div><!-- .col -->\n                 <div class=\"gallery-col col\" >\n          <div class=\"col-inner\">\n            <a class=\"image-lightbox lightbox-gallery\" href=\"https:\/\/dalahighwayservice.se\/wp-content\/uploads\/2020\/01\/slider1-1024x683.jpg\" title=\"\">            <div class=\"box has-hover gallery-box box-overlay dark\">\n              <div class=\"box-image\" >\n                <img width=\"300\" height=\"200\" src=\"https:\/\/dalahighwayservice.se\/wp-content\/uploads\/2020\/01\/slider1-300x200.jpg\" class=\"attachment-medium size-medium\" alt=\"\" loading=\"lazy\" ids=\"101,100,99,33\" srcset=\"https:\/\/dalahighwayservice.se\/wp-content\/uploads\/2020\/01\/slider1-300x200.jpg 300w, https:\/\/dalahighwayservice.se\/wp-content\/uploads\/2020\/01\/slider1-1024x683.jpg 1024w, https:\/\/dalahighwayservice.se\/wp-content\/uploads\/2020\/01\/slider1-768x512.jpg 768w, https:\/\/dalahighwayservice.se\/wp-content\/uploads\/2020\/01\/slider1-1536x1024.jpg 1536w, https:\/\/dalahighwayservice.se\/wp-content\/uploads\/2020\/01\/slider1-600x400.jpg 600w, https:\/\/dalahighwayservice.se\/wp-content\/uploads\/2020\/01\/slider1.jpg 1600w\" sizes=\"(max-width: 300px) 100vw, 300px\" \/>                                  <div class=\"overlay fill\"\n                      style=\"background-color: rgba(0,0,0,.15)\">\n                  <\/div>\n                                                              <\/div><!-- .image -->\n              <div class=\"box-text text-left\" >\n                 <p><\/p>\n              <\/div><!-- .text -->\n            <\/div><!-- .box -->\n            <\/a>          <\/div><!-- .col-inner -->\n         <\/div><!-- .col -->\n                 <div class=\"gallery-col col\" >\n          <div class=\"col-inner\">\n            <a class=\"image-lightbox lightbox-gallery\" href=\"https:\/\/dalahighwayservice.se\/wp-content\/uploads\/2019\/08\/bargning-timmerbil-liten-bild.jpg\" title=\"\">            <div class=\"box has-hover gallery-box box-overlay dark\">\n              <div class=\"box-image\" >\n                <img width=\"300\" height=\"225\" src=\"https:\/\/dalahighwayservice.se\/wp-content\/uploads\/2019\/08\/bargning-timmerbil-liten-bild-300x225.jpg\" class=\"attachment-medium size-medium\" alt=\"\" loading=\"lazy\" ids=\"101,100,99,33\" \/>                                  <div class=\"overlay fill\"\n                      style=\"background-color: rgba(0,0,0,.15)\">\n                  <\/div>\n                                                              <\/div><!-- .image -->\n              <div class=\"box-text text-left\" >\n                 <p><\/p>\n              <\/div><!-- .text -->\n            <\/div><!-- .box -->\n            <\/a>          <\/div><!-- .col-inner -->\n         <\/div><!-- .col -->\n         <\/div>\n","protected":false},"excerpt":{"rendered":"","protected":false},"author":2,"featured_media":0,"parent":0,"menu_order":0,"comment_status":"closed","ping_status":"closed","template":"","meta":{"_monsterinsights_skip_tracking":false,"_monsterinsights_sitenote_active":false,"_monsterinsights_sitenote_note":"","_monsterinsights_sitenote_category":0},"yoast_head":"<!-- This site is optimized with the Yoast SEO plugin v15.4 - https:\/\/yoast.com\/wordpress\/plugins\/seo\/ -->\n<title>L\u00e5s\u00f6ppning i Mora Idre \u00c4lvdalen S\u00e4rna, Utl\u00e5st ring oss<\/title>\n<meta name=\"description\" content=\"L\u00e5s\u00f6ppning i Mora Idre \u00c4lvdalen S\u00e4rna. L\u00e5s\u00f6ppning- Finns\u00a0 nycklarna kvar i bilen? D\u00e5 skickar vi v\u00e5r erfarna personal som har r\u00e4tta verktygen f\u00f6r att hj\u00e4lpa\" \/>\n<meta name=\"robots\" content=\"index, follow, max-snippet:-1, max-image-preview:large, max-video-preview:-1\" \/>\n<link rel=\"canonical\" href=\"https:\/\/dalahighwayservice.se\/index.php\/lasoppning-i-mora-idre-alvdalen-sarna\/\" \/>\n<meta property=\"og:locale\" content=\"sv_SE\" \/>\n<meta property=\"og:type\" content=\"article\" \/>\n<meta property=\"og:title\" content=\"L\u00e5s\u00f6ppning i Mora Idre \u00c4lvdalen S\u00e4rna, Utl\u00e5st ring oss\" \/>\n<meta property=\"og:description\" content=\"L\u00e5s\u00f6ppning i Mora Idre \u00c4lvdalen S\u00e4rna. L\u00e5s\u00f6ppning- Finns\u00a0 nycklarna kvar i bilen? D\u00e5 skickar vi v\u00e5r erfarna personal som har r\u00e4tta verktygen f\u00f6r att hj\u00e4lpa\" \/>\n<meta property=\"og:url\" content=\"https:\/\/dalahighwayservice.se\/index.php\/lasoppning-i-mora-idre-alvdalen-sarna\/\" \/>\n<meta property=\"og:site_name\" content=\"B\u00e4rgning i Dalarna\" \/>\n<meta property=\"article:modified_time\" content=\"2020-01-27T13:23:48+00:00\" \/>\n<meta name=\"twitter:card\" content=\"summary_large_image\" \/>\n<meta name=\"twitter:label1\" content=\"Skriven av\">\n\t<meta name=\"twitter:data1\" content=\"Admin\">\n\t<meta name=\"twitter:label2\" content=\"Ber\u00e4knad l\u00e4stid\">\n\t<meta name=\"twitter:data2\" content=\"0 minuter\">\n<script type=\"application\/ld+json\" class=\"yoast-schema-graph\">{\"@context\":\"https:\/\/schema.org\",\"@graph\":[{\"@type\":\"WebSite\",\"@id\":\"https:\/\/dalahighwayservice.se\/#website\",\"url\":\"https:\/\/dalahighwayservice.se\/\",\"name\":\"B\\u00e4rgning i Dalarna\",\"description\":\"Bilb\\u00e4rgning i dalarna, allt fr\\u00e5n starthj\\u00e4lp till b\\u00e4rgning\",\"potentialAction\":[{\"@type\":\"SearchAction\",\"target\":\"https:\/\/dalahighwayservice.se\/?s={search_term_string}\",\"query-input\":\"required name=search_term_string\"}],\"inLanguage\":\"sv-SE\"},{\"@type\":\"WebPage\",\"@id\":\"https:\/\/dalahighwayservice.se\/index.php\/lasoppning-i-mora-idre-alvdalen-sarna\/#webpage\",\"url\":\"https:\/\/dalahighwayservice.se\/index.php\/lasoppning-i-mora-idre-alvdalen-sarna\/\",\"name\":\"L\\u00e5s\\u00f6ppning i Mora Idre \\u00c4lvdalen S\\u00e4rna, Utl\\u00e5st ring oss\",\"isPartOf\":{\"@id\":\"https:\/\/dalahighwayservice.se\/#website\"},\"datePublished\":\"2020-01-27T12:30:56+00:00\",\"dateModified\":\"2020-01-27T13:23:48+00:00\",\"description\":\"L\\u00e5s\\u00f6ppning i Mora Idre \\u00c4lvdalen S\\u00e4rna. L\\u00e5s\\u00f6ppning- Finns\\u00a0 nycklarna kvar i bilen? D\\u00e5 skickar vi v\\u00e5r erfarna personal som har r\\u00e4tta verktygen f\\u00f6r att hj\\u00e4lpa\",\"inLanguage\":\"sv-SE\",\"potentialAction\":[{\"@type\":\"ReadAction\",\"target\":[\"https:\/\/dalahighwayservice.se\/index.php\/lasoppning-i-mora-idre-alvdalen-sarna\/\"]}]}]}<\/script>\n<!-- \/ Yoast SEO plugin. -->","_links":{"self":[{"href":"https:\/\/dalahighwayservice.se\/index.php\/wp-json\/wp\/v2\/pages\/86"}],"collection":[{"href":"https:\/\/dalahighwayservice.se\/index.php\/wp-json\/wp\/v2\/pages"}],"about":[{"href":"https:\/\/dalahighwayservice.se\/index.php\/wp-json\/wp\/v2\/types\/page"}],"author":[{"embeddable":true,"href":"https:\/\/dalahighwayservice.se\/index.php\/wp-json\/wp\/v2\/users\/2"}],"replies":[{"embeddable":true,"href":"https:\/\/dalahighwayservice.se\/index.php\/wp-json\/wp\/v2\/comments?post=86"}],"version-history":[{"count":7,"href":"https:\/\/dalahighwayservice.se\/index.php\/wp-json\/wp\/v2\/pages\/86\/revisions"}],"predecessor-version":[{"id":107,"href":"https:\/\/dalahighwayservice.se\/index.php\/wp-json\/wp\/v2\/pages\/86\/revisions\/107"}],"wp:attachment":[{"href":"https:\/\/dalahighwayservice.se\/index.php\/wp-json\/wp\/v2\/media?parent=86"}],"curies":[{"name":"wp","href":"https:\/\/api.w.org\/{rel}","templated":true}]}}